f g(r)?
7
Suppose 2*a - 2 = 4. What is the units digit of 16 + a + 0 + 0?
9
Let i = -43 - -64. What is the tens digit of i?
2
Let u = 8 + -7. What is the units digit of (u - 2)*(-9 + 1)?
8
What is the units digit of 2/(-6)*1*(-230 - 1)?
7
Let r(k) = 2*k**2 - k + 1. Let h(u) = u**2 + 3*u - 1. Let z be h(-4). What is the tens digit of r(z)?
1
What is the hundreds digit of (-3738)/(-11) + 34/187 - -2?
3
Let h = 1 + 2. Suppose -3*s + 9 = -2*d - 4, 16 = -h*d + s. What is the units digit of 2/d*(-26 + 1)?
0
Let t = 11 - 1. Let o be (-65)/t + 6/4. Let p = 18 + o. What is the units digit of p?
3
Suppose -12 = 3*g - 3. What is the units digit of 8/g*3/(-2)?
4
Let h(i) = i**2 + 2*i - 1. Suppose 0 = 4*u - 2 - 2. What is the units digit of h(u)?
2
Let k(i) = i**2 - 12*i + 8. Let r be k(8). Let m = -13 - r. What is the units digit of m?
1
Let b be 18/12*(-16)/(-6). Suppose -b*m + r = -21, -r = 5*m - 2*m - 14. What is the units digit of m?
5
Let w = 31 - 21. Let c = -5 + w. Suppose c*b = o + 15, o + 3 + 0 = 2*b. What is the units digit of b?
4
Let l = 3 - -2. Suppose h = l*f - 13 - 0, -17 = -h - 5*f. What is the units digit of h?
2
Suppose 3*o = 3*l + l + 4, 5*o - 20 = 0. Let n be 7 + 2 + l + -2. What is the units digit of (-1 - -1) + -2 + n?
7
Suppose 5*s - 582 = -2*r + 4*r, -5*r = 5. What is the tens digit of s?
1
Suppose -2*r = -67 - 5. What is the tens digit of r?
3
Let s(y) = y**2 + 8*y + 7. Let b be s(-6). Let a(j) = j**2 + 5*j + 7. What is the units digit of a(b)?
7
Let m be (-46)/(-10) + (-6)/(-15). Suppose 2*p = 8*z - 3*z - 4, m*p + 5*z = -10. Let t = 4 + p. What is the units digit of t?
2
Let d = 1 + 3. Suppose t = -d*t + 25. What is the units digit of t?
5
Let o(y) = -5*y + 1. Let m be o(4). Let u = -9 - m. What is the units digit of u?
0
Let z be 12/(-3 - -2) + -1. Let l = z - -25. What is the units digit of l?
2
Suppose 6*g - 2*g + 5*d = 91, g + 3*d - 28 = 0. Suppose -5*f + f - 24 = j, 0 = -j - 3*f - g. Let u(l) = -2*l - 1. What is the units digit of u(j)?
7
What is the hundreds digit of 9184/30 - (-12)/(-90)?
3
Let g(r) = r**2 - 7. What is the units digit of g(-6)?
9
Let s(m) = m. Let b(y) = 2*y - 1. Let a(j) = 2*b(j) - 5*s(j). Let t be a(-4). Suppose 3*f - 3 = -t*h + 30, -14 = -h - f. What is the units digit of h?
9
Let c(a) = -7 + 4 - 5 - 1 - 10*a - a**2. What is the tens digit of c(-7)?
1
Let n = 1 + -9. Let g(w) = w**2 + 7*w - 3. What is the units digit of g(n)?
5
Let s = 2 + -1. What is the units digit of (-3 - s)*(2 + -3)?
4
Let t = 29 + -9. Suppose -r + 0*p - 3*p + 12 = 0, r + p = t. What is the tens digit of r?
2
What is the tens digit of (2 - 0) + 41 - 4?
3
Suppose a - 2*a + 15 = -3*r, -r - 1 = 0. What is the units digit of a?
2
Let z(q) be the third derivative of q**5/60 + 5*q**4/24 + q**3 - 3*q**2. Let n be z(-5). What is the units digit of n/(6/3 + 0)?
3
Suppose -o = 3*o. Suppose -4*v = 5*r - 8, 2*v - 4 + o = 3*r. Suppose -4*g = -4*t - 0*g + 52, r = t + 4*g + 12. What is the units digit of t?
8
Suppose -399*i + 395*i + 780 = 0. What is the hundreds digit of i?
1
Suppose 5*f = 4*j - 537, f + 134 = j - 0*f. What is the hundreds digit of j?
1
Suppose 5*l + 3*k - 1 - 18 = 0, -2*k = 5*l - 16. Suppose -l*s - 38 = -2*x - 0*s, -4*x = -5*s - 80. What is the tens digit of x?
1
Let t = -6 - -14. Suppose -g = -5 - t. What is the tens digit of g?
1
Let r(m) = -2*m**2 - 3*m - 9. Let d(n) = -n**2 - 3*n - 8. Let q(w) = 3*d(w) - 2*r(w). What is the tens digit of q(6)?
1
Let f(r) = -5*r. Let z(w) = w**2 - 9*w + 5. Let y be z(8). What is the tens digit of f(y)?
1
Let w be 266/10 - 6/(-15). Suppose -w = -3*l - 6. What is the units digit of l?
7
Let r = -83 - -151. What is the units digit of r?
8
Let h = 52 - 29. Let u = h + -16. What is the units digit of u?
7
Suppose 4*f - 7 = -3*w + 3*f, f - 15 = -5*w. Suppose -w = -2*i + i. Let p(t) = -t**2 + 5*t + 5. What is the units digit of p(i)?
9
Let m = -81 + 161. What is the units digit of m?
0
Suppose 0 = 5*j + 3 - 153. What is the tens digit of j?
3
Suppose -y = 2*y - 6. Suppose -2*t + 4 = y*q + t, -21 = -5*q - 2*t. Suppose q = 3*w - 31. What is the units digit of w?
2
What is the units digit of 1656/27 + (-4)/(-6)?
2
Suppose 630 = 5*n + 2*v - 5*v, n = 2*v + 133. What is the units digit of n?
3
Let l = -2 + 5. Suppose 0 = -4*q + 8*q + 12. Let j = l - q. What is the units digit of j?
6
Suppose 30 - 183 = -2*o - 3*n, -n = 3*o - 219. What is the units digit of o?
2
What is the tens digit of 8*(-40)/128*1*-4?
1
Suppose 1 = f + 5*v + 4, 5*f - 3*v = 13. Let m(w) = 3*w**3 - 2*w**2 + 1. Let b be m(1). Suppose -h - f*h = 0, 4*h = -b*z + 2. What is the units digit of z?
1
Suppose g - 22 + 3 = 0. What is the tens digit of g?
1
Let i be (-588)/(-27) + 2/9. Let u = i + -16. What is the units digit of u?
6
Let s(x) = -2*x - 4. What is the units digit of s(-3)?
2
What is the tens digit of -2 - (-2 - 4) - -185?
8
Let v = -30 - -60. Suppose 0 = -5*w + 5*l + v, -4*w + 0*l + 2*l = -14. What is the units digit of w?
1
Let v = 51 - 33. Let a be (5 - v) + (-4)/(-2). Let c = a + 20. What is the units digit of c?
9
Let k = -5 + 31. Suppose 0 = 3*x - 46 - k. What is the units digit of x?
4
Suppose -7 = -5*m + 2*b, 5*m = b + 19 - 8. Suppose -93 = -m*f - 3*o, f - o - 26 = -3*o. Suppose -2*p + f = p. What is the units digit of p?
2
Let o = 5 + 14. What is the tens digit of o?
1
Let p be (-4)/(1 - (3 + -1)). Let i(s) = s**3 - 6*s**2 - 8*s + 9. Let z be i(7). Suppose -2*o - z*o = p, -5*m + 3*o = -33. What is the units digit of m?
6
Let s(y) = y**3 - y**2 - 5*y - 16. What is the tens digit of s(7)?
4
Let h = 4 - 1. Suppose 3*i = h*w + 6 - 0, -8 = -4*i - 3*w. Suppose -i*r + 4 = 3*a, 15 = 5*r - 5*a - 45. What is the units digit of r?
8
Let x = 0 - -5. Suppose x*j + 3 = 2*j. What is the units digit of j/(-4) - 62/(-8)?
8
Let z = -6 + 8. Let s(y) = -3*y + 7*y**2 + y**3 + 7*y - z + 1 + 3. What is the units digit of s(-6)?
4
Suppose -c - 4*u - 3 = 0, -2*u - 4 = -2. Let v(r) = r**3 + 4*r**2 + r + 2. Let t be v(-3). Let s = t - c. What is the units digit of s?
7
What is the tens digit of 2989/77 - (-4)/22?
3
Suppose 5*w + 67 = -38. What is the tens digit of (-3)/((w/34)/7)?
3
Suppose -5*a - 1362 = -11*a. What is the hundreds digit of a?
2
Let r = -4 + -8. What is the units digit of -2*(r/8)/3?
1
Suppose -3*s - 2*k + 25 = 0, 2*s = -2*s + 4*k. Suppose 4*u + 4*y - 9 = 3*u, u - s*y = 0. What is the units digit of u?
5
Let o(i) = -2*i**3 + 2*i**2 + i + 1. Let x be o(2). What is the tens digit of (-1038)/(-30) - 2/x?
3
Let a(f) be the third derivative of f**5/30 - f**4/24 - 5*f**3/6 - 3*f**2. Let u be a(5). Suppose 5*x - u = 5. What is the units digit of x?
9
Suppose 125 = l + 4*l. Suppose l + 11 = 3*i. Suppose -5*p + 30 = -5*h, 2*p + 2*h - i = -0*p. What is the units digit of p?
6
Let n be (-789)/(-15) - 4/(-10). Suppose 0 = -3*s + n - 8. What is the units digit of s?
5
Let d = 256 - 133. What is the tens digit of d?
2
Suppose q = 23 - 6. Let o be 3/3 - (0 - 40). Suppose 0 = 2*d + k - q, 0*d + o = 5*d + 2*k. What is the units digit of d?
7
Suppose n = 90 - 1. What is the units digit of n?
9
Let o be ((-12)/(-8))/(2/(-4)). Let g(t) = -t**3 + 4*t + 1. Let q be g(o). Suppose q = l + l. What is the units digit of l?
8
Suppose b = 14 + 18. What is the tens digit of b?
3
Suppose -3*w + 0*w + 282 = 5*u, -3*w + 4*u + 255 = 0. What is the tens digit of w?
8
Let d(v) = v + 2. Let c be d(-9). Let s = 16 + c. Suppose 3*k - x - 26 + 5 = 0, k = -5*x - s. What is the units digit of k?
6
Let d(i) = -i**2 - 27*i + 7. What is the units digit of d(-16)?
3
Let y be (-1 - (-1 - 0)) + 5. Suppose -x - x + y*g = -20, 0 = -3*x + 5*g + 30. What is the units digit of 3/(-5) - (-86)/x?
8
Let p(x) = 2*x**2 + 3*x. Let l be p(-2). Suppose -l*g + 7 = -g. What is the units digit of g?
7
Let d(c) = c**3 + c + 1. Let r(k) = 4*k**3 + 8*k**2 + 10*k + 4. Let o = 3 - 6. Let u(m) = o*d(m) + r(m). What is the units digit of u(-7)?
1
What is the tens digit of 15 + 17 - 3*1?
2
Suppose u = 2*l + 7, -3 = -u - l - l. Suppose 0*z - z + u*f = -2, -3*z + 5*f = -16. What is the units digit of z?
7
Let n = 71 - 47. Let c be (-1 - -2) + n/(-6). Let l = c + 8. What is the units digit of l?
5
Let z be -1*(-1 + 1 + -1). Let x be -2*(z - (-14)/(-4)). Suppose o + 10 = 2*f - 0*o, 2 = -2*f - x*o. What